f 232 and 145.
29
What is the highest common factor of 6 and 291?
3
What is the greatest common factor of 2449 and 79?
79
Calculate the greatest common factor of 21288 and 24.
24
What is the highest common factor of 3213 and 306?
153
What is the highest common factor of 72 and 964?
4
What is the highest common factor of 20 and 2530?
10
Calculate the greatest common factor of 3567 and 123.
123
What is the highest common factor of 30 and 7635?
15
Calculate the greatest common divisor of 140 and 448.
28
Calculate the greatest common divisor of 23 and 3151.
23
Calculate the greatest common factor of 1353 and 123.
123
What is the greatest common factor of 24 and 104?
8
What is the greatest common divisor of 2343 and 11?
11
Calculate the highest common divisor of 47264 and 448.
224
What is the greatest common divisor of 3472 and 3136?
112
What is the greatest common factor of 846 and 12?
6
Calculate the greatest common factor of 16068 and 156.
156
What is the greatest common factor of 100 and 175?
25
What is the highest common divisor of 120 and 740?
20
Calculate the greatest common factor of 5031 and 273.
39
What is the greatest common factor of 235 and 75?
5
Calculate the highest common factor of 135 and 45.
45
What is the greatest common divisor of 2 and 8?
2
Calculate the greatest common divisor of 221 and 13.
13
What is the highest common factor of 9 and 2817?
9
Calculate the greatest common divisor of 243 and 297.
27
What is the greatest common divisor of 120 and 4740?
60
Calculate the greatest common factor of 253 and 1196.
23
Calculate the highest common divisor of 459 and 4573.
17
Calculate the highest common divisor of 2 and 28.
2
Calculate the greatest common factor of 236 and 767.
59
What is the greatest common divisor of 251 and 30120?
251
Calculate the greatest common factor of 27 and 42.
3
Calculate the highest common factor of 196 and 2646.
98
Calculate the highest common factor of 4416 and 8.
8
What is the greatest common divisor of 12091 and 321?
107
What is the greatest common factor of 612 and 468?
36
Calculate the highest common divisor of 20 and 20.
20
What is the greatest common factor of 20 and 3820?
20
Calculate the greatest common divisor of 6302 and 1370.
274
What is the greatest common divisor of 4768 and 32?
32
Calculate the highest common divisor of 17 and 71.
1
Calculate the highest common factor of 440 and 55.
55
What is the greatest common divisor of 4 and 23?
1
Calculate the highest common divisor of 10817 and 203.
29
What is the highest common divisor of 58 and 1827?
29
What is the highest common divisor of 217 and 21?
7
What is the highest common factor of 912 and 12?
12
Calculate the highest common divisor of 14 and 826.
14
Calculate the highest common divisor of 12 and 6576.
12
What is the greatest common divisor of 858 and 22?
22
What is the highest common divisor of 532 and 57?
19
What is the greatest common factor of 16310 and 28?
14
What is the highest common divisor of 231 and 21?
21
Calculate the greatest common divisor of 21 and 553.
7
What is the highest common divisor of 81 and 90?
9
Calculate the highest common factor of 2985 and 15.
15
Calculate the greatest common factor of 6 and 150.
6
What is the highest common factor of 296 and 64?
8
Calculate the greatest common divisor of 19 and 437.
19
Calculate the highest common factor of 1260 and 660.
60
What is the highest common factor of 22 and 11?
11
What is the highest common divisor of 664 and 1079?
83
Calculate the greatest common divisor of 54 and 48.
6
What is the greatest common divisor of 315 and 18?
9
What is the highest common factor of 64 and 48?
16
What is the highest common divisor of 637 and 63?
7
Calculate the highest common factor of 19186 and 530.
106
Calculate the highest common divisor of 949 and 219.
73
Calculate the highest common divisor of 47 and 94.
47
What is the greatest common divisor of 91 and 364?
91
Calculate the greatest common factor of 24 and 164.
4
Calculate the highest common factor of 1376 and 36.
4
What is the highest common divisor of 80 and 645?
5
What is the greatest common factor of 54 and 15?
3
What is the highest common divisor of 374 and 176?
22
Calculate the greatest common factor of 106 and 5035.
53
What is the highest common factor of 272 and 5882?
34
Calculate the highest common divisor of 1320 and 1920.
120
What is the highest common divisor of 1449 and 63?
63
What is the greatest common divisor of 455 and 25?
5
Calculate the greatest common divisor of 55 and 1320.
55
Calculate the highest common divisor of 182 and 1183.
91
What is the greatest common divisor of 2215 and 5?
5
What is the greatest common divisor of 306 and 51?
51
Calculate the greatest common divisor of 44 and 40656.
44
Calculate the highest common divisor of 34 and 119.
17
Calculate the greatest common divisor of 204 and 96.
12
What is the highest common factor of 247 and 52?
13
Calculate the greatest common factor of 1 and 6911.
1
What is the greatest common divisor of 66 and 286?
22
Calculate the greatest common factor of 51 and 18.
3
What is the greatest common divisor of 1970 and 10?
10
Calculate the greatest common factor of 74 and 8399.
37
What is the greatest common divisor of 1576 and 216?
8
What is the highest common divisor of 26 and 82?
2
Calculate the greatest common factor of 180 and 132.
12
Calculate the highest common divisor of 1102 and 174.
58
Calculate the highest common divisor of 3419 and 507.
13
Calculate the greatest common factor of 46 and 25553.
23
Calculate the greatest common factor of 5 and 40.
5
What is the greatest common divisor of 44 and 748?
44
What is the highest common divisor of 120 and 20415?
15
What is the highest common divisor of 1 and 1245?
1
What is the greatest common divisor of 286 and 44?
22
What is the greatest common divisor of 35 and 245?
35
Calculate the greatest common factor of 46 and 1334.
46
What is the greatest common factor of 3605 and 245?
35
What is the highest common factor of 10 and 94?
2
What is the highest common divisor of 66 and 297?
33
Calculate the greatest common factor of 187 and 22.
11
Calculate the greatest common factor of 9230 and 65.
65
What is the highest common divisor of 3829 and 7?
7
What is the highest common divisor of 12696 and 8?
8
Calculate the highest common factor of 3289 and 26.
13
What is the highest common factor of 348 and 1450?
58
What is the greatest common factor of 30 and 255?
15
Calculate the greatest common factor of 338 and 182.
26
What is the highest common factor of 197 and 35263?
197
What is the highest common factor of 115 and 4025?
115
Calculate the highest common factor of 138 and 30.
6
What is the highest common divisor of 20 and 2010?
10
Calculate the greatest common factor of 100 and 75.
25
What is the highest common factor of 1962 and 261?
9
Calculate the greatest common divisor of 42 and 156.
6
Calculate the greatest common factor of 61855 and 89.
89
What is the greatest common factor of 1406 and 370?
74
Calculate the highest common factor of 4264 and 104.
104
What is the highest common factor of 126 and 3906?
126
What is the highest common divisor of 288 and 1216?
32
What is the greatest common divisor of 1485 and 715?
55
Calculate the highest common divisor of 150 and 24.
6
What is the highest common divisor of 64 and 8?
8
What is the greatest common divisor of 4692 and 36?
12
Calculate the greatest common factor of 1 and 53.
1
What is the greatest common factor of 1596 and 84?
84
What is the greatest common divisor of 180 and 75?
15
Calculate the highest common factor of 4641 and 42.
21
What is the highest common divisor of 2840 and 16?
8
What is the highest common divisor of 66 and 18?
6
Calculate the greatest common divisor of 2088 and 24.
24
Calculate the highest common divisor of 152 and 133.
19
What is the greatest common factor of 63 and 369?
9
What is the greatest common divisor of 33 and 319?
11
Calculate the highest common divisor of 238 and 98.
14
What is the highest common divisor of 286 and 242?
22
What is the highest common divisor of 122 and 24?
2
Calculate the greatest common divisor of 130 and 15.
5
Calculate the greatest common divisor of 2397 and 282.
141
Calculate the highest common divisor of 176 and 110.
22
Wh